me factors of 970428413.
983, 987211
What are the prime factors of 948137472?
2, 3, 205759
What are the prime factors of 1334173455?
3, 5, 313, 94723
List the prime factors of 608420311.
23, 47, 562831
What are the prime factors of 83160724?
2, 31, 73, 9187
List the prime factors of 73314827.
3137, 23371
List the prime factors of 55101176.
2, 13, 529819
List the prime factors of 17361199.
17, 239, 4273
List the prime factors of 42520170.
2, 3, 5, 7, 11, 79, 233
List the prime factors of 3248815604.
2, 23021, 35281
What are the prime factors of 17323863?
3, 1231, 4691
List the prime factors of 1313919208.
2, 7, 23462843
List the prime factors of 17343917.
17343917
List the prime factors of 4517698163.
11, 137, 587, 5107
List the prime factors of 2348145634.
2, 43, 491, 55609
What are the prime factors of 8514979505?
5, 13367, 127403
List the prime factors of 4506016443.
3, 25373, 59197
List the prime factors of 142164158.
2, 59, 1204781
What are the prime factors of 3491826578?
2, 1745913289
What are the prime factors of 31774531?
31774531
What are the prime factors of 739013873?
13, 19, 29, 103171
What are the prime factors of 795273777?
3, 43, 2054971
What are the prime factors of 80529569?
739, 108971
What are the prime factors of 5984789115?
3, 5, 151, 2642291
List the prime factors of 453837558.
2, 3, 59, 223, 5749
List the prime factors of 102016719.
3, 7, 19, 28409
List the prime factors of 250313292.
2, 3, 6953147
What are the prime factors of 699114564?
2, 3, 71, 30391
What are the prime factors of 523305601?
7, 13, 547, 10513
What are the prime factors of 209004421?
29, 7207049
What are the prime factors of 75236933?
23, 29, 112799
What are the prime factors of 80266615?
5, 11, 13, 112261
List the prime factors of 49703851.
23, 449, 4813
List the prime factors of 954559656.
2, 3, 17, 779869
What are the prime factors of 89854022?
2, 44927011
List the prime factors of 3421844145.
3, 5, 101, 752881
What are the prime factors of 263866811?
13, 20297447
List the prime factors of 51684968.
2, 43, 150247
What are the prime factors of 600473479?
109, 5508931
List the prime factors of 22260108.
2, 3, 13, 31, 4603
List the prime factors of 142206307.
83, 1713329
List the prime factors of 1018520172.
2, 3, 61, 463807
List the prime factors of 3919112994.
2, 3, 61, 163, 179, 367
List the prime factors of 12997429.
181, 71809
List the prime factors of 3133530231.
3, 13, 6180533
What are the prime factors of 345683?
13, 26591
List the prime factors of 376813282.
2, 19, 9916139
List the prime factors of 60998859.
3, 2259217
What are the prime factors of 65144763?
3, 23, 4561
List the prime factors of 35306550.
2, 3, 5, 26153
What are the prime factors of 3060935009?
11, 31, 8976349
What are the prime factors of 9251659620?
2, 3, 5, 7, 116549
What are the prime factors of 19093757?
59, 323623
What are the prime factors of 406870493?
29, 47, 239, 1249
List the prime factors of 110730316.
2, 17, 1628387
List the prime factors of 2389520039.
2389520039
List the prime factors of 3960025365.
3, 5, 264001691
List the prime factors of 207416958.
2, 3, 7, 19, 61, 4261
List the prime factors of 137470978.
2, 68735489
List the prime factors of 102420428.
2, 11, 2327737
List the prime factors of 173050360.
2, 5, 7, 12613
List the prime factors of 178752211.
11, 1477291
What are the prime factors of 470532087?
3, 47, 1112369
What are the prime factors of 1011832428?
2, 3, 84319369
What are the prime factors of 26709463?
11, 23, 193, 547
List the prime factors of 57788223.
3, 2753, 6997
What are the prime factors of 1590686298?
2, 3, 457, 193373
What are the prime factors of 819763?
7, 117109
List the prime factors of 280298851.
7, 157, 255049
What are the prime factors of 71266772?
2, 17816693
What are the prime factors of 304807450?
2, 5, 17, 358597
List the prime factors of 236921742.
2, 3, 13162319
List the prime factors of 123164360.
2, 5, 11, 279919
What are the prime factors of 4501409074?
2, 23, 73, 563, 2381
What are the prime factors of 648632336?
2, 11, 19, 47, 4127
List the prime factors of 3535916429.
3535916429
What are the prime factors of 8305043?
97, 85619
What are the prime factors of 5143859269?
17, 97, 281, 653
List the prime factors of 161869545.
3, 5, 853, 4217
What are the prime factors of 115448438?
2, 7, 223, 36979
What are the prime factors of 1954673012?
2, 488668253
What are the prime factors of 1593942933?
3, 11, 17, 163, 17431
What are the prime factors of 796853875?
5, 6374831
List the prime factors of 27131990.
2, 5, 107, 25357
List the prime factors of 727970218.
2, 19, 61, 16529
List the prime factors of 49665936.
2, 3, 1034707
List the prime factors of 596591862.
2, 3, 103, 113, 8543
What are the prime factors of 2875317553?
97, 29642449
List the prime factors of 37956551.
3793, 10007
What are the prime factors of 1283370189?
3, 131, 3265573
What are the prime factors of 117246969?
3, 7, 37, 179, 281
What are the prime factors of 2092793034?
2, 3, 613, 569003
What are the prime factors of 283229902?
2, 709, 199739
What are the prime factors of 110600092?
2, 167, 165569
What are the prime factors of 66041218?
2, 71, 465079
List the prime factors of 1186958173.
17, 73, 79, 12107
What are the prime factors of 432365054?
2, 11, 37, 313, 1697
What are the prime factors of 386140156?
2, 47, 2053937
What are the prime factors of 78343404?
2, 3, 6528617
What are the prime factors of 1459162758?
2, 3, 2347, 103619
What are the prime factors of 1041991969?
1041991969
List the prime factors of 122925222.
2, 3, 7, 46457
What are the prime factors of 276144993?
3, 19, 31, 113, 461
List the prime factors of 2038483436.
2, 11, 47, 463, 2129
What are the prime factors of 39842131?
7, 1571, 3623
List the prime factors of 115808837.
6353, 18229
List the prime factors of 1737420416.
2, 67, 202591
What are the prime factors of 1275590472?
2, 3, 13, 4088431
List the prime factors of 1076832905.
5, 215366581
What are the prime factors of 1773791901?
3, 7, 23, 1224149
What are the prime factors of 84680571?
3, 28226857
What are the prime factors of 180582851?
83, 137, 15881
List the prime factors of 868296872.
2, 108537109
What are the prime factors of 62617878?
2, 3, 3478771
List the prime factors of 23780461.
197, 120713
List the prime factors of 347658390.
2, 3, 5, 19, 203309
List the prime factors of 4108333018.
2, 2683, 765623
What are the prime factors of 3357535029?
3, 1119178343
List the prime factors of 1039309211.
23, 45187357
What are the prime factors of 1262467760?
2, 5, 181, 87187
List the prime factors of 331196937.
3, 433, 254963
List the prime factors of 1022427915.
3, 5, 29, 2350409
What are the prime factors of 98796892?
2, 83, 297581
What are the prime factors of 148473764?
2, 37118441
List the prime factors of 248810942.
2, 124405471
List the prime factors of 186057326.
2, 7, 13, 59, 17327
What are the prime factors of 544437284?
2, 47, 2895943
List the prime factors of 104935200.
2, 3, 5, 23, 1901
What are the prime factors of 987689793?
3, 97, 3394123
List the prime factors of 362594500.
2, 5, 725189
List the prime factors of 8142238.
2, 13, 313163
What are the prime factors of 198872754?
2, 3, 3671, 9029
What are the prime factors of 3669477066?
2, 3, 22651093
List the prime factors of 449847416.
2, 56230927
List the prime factors of 500837278.
2, 2447, 102337
List the prime factors of 2460768541.
7, 11, 409, 78137
What are the prime factors of 107312200?
2, 5, 536561
List the prime factors of 172126191.
3, 57375397
List the prime factors of 3252665383.
11, 43, 1483, 4637
List the prime factors of 53292169.
7, 19, 29, 41, 337
What are the prime factors of 1399953446?
2, 41, 89, 191827
List the prime factors of 203803550.
2, 5, 53, 76907
What are the prime factors of 483037968?
2, 3, 7, 1437613
List the prime factors of 2876983311.
3, 59, 16254143
List the prime factors of 1560024977.
7, 222860711
What are the prime factors of 7491064094?
2, 13249, 282703
What are the prime factors of 41805522?
2, 3, 11, 199, 1061
What are the prime factors of 1647706245?
3, 5, 109847083
List the prime factors of 109925717.
11, 23, 39499
What are the prime factors of 796821052?
2, 29, 937, 7331
What are the prime factors of 1609287857?
43,